 13. Let s be y(-3). Let n be 2*s*(1 - 0). List the prime factors of (31*n)/((-4)/48*3).
2, 31
Let l = 259 - 257. Suppose 0*z - l*o = -z + 203, o - 5 = 0. What are the prime factors of z?
3, 71
Let l(v) = 35*v**2 - 3*v - 3. Suppose 4*i - 35 + 27 = 0. List the prime factors of l(i).
131
Let f(r) = -2777*r - 3117. List the prime factors of f(-6).
3, 5, 7, 43
Suppose -f = -5*d + 30, -11*f = 4*d - 9*f - 24. What are the prime factors of d + (4 - 12) + 939?
937
Let w(p) = 10*p**3 + 3*p**2 + p - 6. Let f(j) = j**2 - 3*j - 10. Let r be f(5). Suppose r = -4*z - 12, -t - 2*z - 14 = -5*t. What are the prime factors of w(t)?
2, 11
Suppose -3*o = 15, -n = 9*o - 4*o + 25. Suppose -3*r = -i - 741 - 239, -2*i + 2 = n. What are the prime factors of r?
3, 109
Let l(w) = -w**3 - 10*w**2 - 3*w - 29. Suppose 5*n - 8*n = -2*g - 13, -21 = 3*g - 4*n. What are the prime factors of l(g)?
5
Suppose 32 = 29*x - 55. List the prime factors of 2104/x + 16/6 + -3.
701
Suppose 178082 = 21*m + 70709. What are the prime factors of m?
5113
Suppose 253 = 4*q - 407. Suppose 0 = -d - 4*t + 111, -5*d + 155 = -3*t - 377. Let m = q - d. List the prime factors of m.
2, 29
Suppose -16*k - 15 = -21*k. Suppose 4*j - 666 = 2*c - 5*c, -3*c + 663 = k*j. What are the prime factors of c?
2, 109
Let o(x) = 234*x**2 + 62*x + 14. List the prime factors of o(-7).
2, 3, 7, 263
Let o(u) = -u**3 - 20*u**2 + 429*u - 184. List the prime factors of o(-47).
2, 307
Suppose -65802 = -3*w - 3*v, -v = -6*w + 2*w + 87741. Suppose -w = -37*n + 14880. List the prime factors of n.
5, 199
Let h = -1627 + 3909. Suppose -2*f + h = 4*y, -5*y + 2153 + 702 = 2*f. What are the prime factors of y?
3, 191
Suppose -5*d - 7*t + 46883 = -4*t, d - 9391 = 3*t. What are the prime factors of d?
83, 113
Suppose 0 = -5*n - 12*d + 13*d + 33011, -20 = -5*d. List the prime factors of n.
3, 31, 71
Let h = -33448 - -58381. What are the prime factors of h?
3, 8311
Let f = -42934 + 90150. List the prime factors of f.
2, 13, 227
Let n be 421 - (-1 - (-2 + 1)). Suppose 0 = -5*q + 15, 5*q = 2*v + 477 + 110. Let b = n + v. What are the prime factors of b?
3, 5
Suppose -123*o + 4188 = -129*o. Let d = o - -1292. What are the prime factors of d?
2, 3, 11
Let f = -74 - -74. List the prime factors of (7925/5)/5 - f.
317
Let f(k) = 2. Let o(j) = -j**2 - 41*j + 165. Let m(s) = -2*f(s) + o(s). What are the prime factors of m(-37)?
3, 103
Suppose -8162 = -2*o + 6318. Suppose 40*x - o = 1920. What are the prime factors of x?
229
Let x = 6608 - 5775. What are the prime factors of x?
7, 17
Let w(i) be the first derivative of -i**3 - 19*i**2 + 10*i + 76. What are the prime factors of w(-12)?
2, 17
Let g = 1328 - 558. Suppose -g = -5*j + 5*p, 5*j - 3*p + 8*p = 810. List the prime factors of j.
2, 79
Let j = -206 + 210. Suppose -20*m + j*m = -8720. What are the prime factors of m?
5, 109
Let y = 2020 + -2014. Suppose -z - 32 = -2*z - 5*t, z = -2*t + 20. What are the prime factors of 9/(33/(-75) + y/z)?
2, 3, 5
Let v(d) = -d**3 - 10*d**2 - 15*d + 12. Let x be v(-8). Suppose 0 = -r + x. List the prime factors of 3/(-5) + r/((-80)/(-932)).
2, 23
Let v be ((-1)/3 - -1)*(-4 + 25). Let z(x) = -x**3 + 10*x**2 - 7*x - 10. Let u be z(9). List the prime factors of (-4062)/(-21) + u/v.
2, 97
Suppose 2*c = 16848 - 3158. List the prime factors of c.
5, 37
Let m(p) be the first derivative of 41*p**2/2 + 51*p + 65. What are the prime factors of m(7)?
2, 13
Let b = -207 - -207. Suppose -3*k + 5*s + 599 = b, -35 - 532 = -3*k - 3*s. List the prime factors of k.
193
Let q = -44 - -45. Let d(h) = h**3 - 2*h + 1. Let b be d(q). Suppose -4*z + b*g = -3*g - 32, g - 24 = -3*z. What are the prime factors of z?
2
Suppose 303*s + 1700864 = 347*s. List the prime factors of s.
2, 151
Let l be 4 + 3/1 - 4. Suppose 0 + 15 = l*o. Suppose -o*f + 120 + 355 = 0. List the prime factors of f.
5, 19
Suppose -11*d - 7161 = -93511. List the prime factors of d.
2, 5, 157
Suppose 17*t - 121370 + 16429 = 0. What are the prime factors of t?
6173
Suppose -j - 4*i + 62138 = -2*i, 5*j + i - 310744 = 0. List the prime factors of j.
2, 5, 11, 113
What are the prime factors of ((-1694748)/592)/(6/(-64))?
2, 11, 347
Let m = -7070 + 14786. List the prime factors of m.
2, 3, 643
Let x(w) = -1107*w - 6482. What are the prime factors of x(-18)?
2, 3361
Let z(o) = -o**3 - 22*o**2 + 110*o - 5. What are the prime factors of z(-29)?
2, 673
Suppose -480 = 5*f - 5*v, -f - v = 2*v + 96. List the prime factors of ((f/20)/(-2))/((-2)/(-95)).
2, 3, 19
Let p be 12 - (-1 - 0 - -1). Let u be (-3)/p + (-52)/(-16). Suppose -u*i = -5*c - 66, -i + 0*c = -2*c - 23. List the prime factors of i.
17
Let p(d) = 41*d**2 - 3*d - 1. Suppose 5*w - 12 = -17. Let h(a) = -a**2 - a - 1. Let k be h(w). List the prime factors of p(k).
43
Suppose -4*t = 5*x - 18 - 115, 0 = 2*t + 4*x - 74. Suppose -4*i - 1403 = -t*i. What are the prime factors of i?
61
Let g = 83 + -98. Let p be 1*(-12)/g*(-10)/(-4). Suppose 0*v - 142 = -p*v. What are the prime factors of v?
71
Let w = -28 - -32. Suppose 5*y - 2225 = -4*x, w*y = 4*x + 1995 - 179. What are the prime factors of y?
449
List the prime factors of 2/7 + 4565016/266.
2, 8581
Let r = -10 - -10. Suppose r = 5*j - 2 - 18. What are the prime factors of (31/j)/((-1)/(-12))?
3, 31
Let g(t) = 797*t - 922. List the prime factors of g(7).
4657
Suppose 0 = 5*h - 2*q - 35, 5*h + 2*q = q + 20. Suppose 4*a - a - 19 = h*i, -3*a + 5 = 2*i. List the prime factors of i - ((-1156)/20 - (-12)/15).
5, 11
Let i = 63182 - 35896. List the prime factors of i.
2, 7, 1949
Let f(b) = b**3 - 3*b**2 - 2*b. Let s(g) = 3*g - 27. Let h be s(10). Let l be f(h). List the prime factors of (-8)/24 - (1 - (-326)/l).
53
Let g = -67 - -316. Let l = g + -57. What are the prime factors of l?
2, 3
Let j be 4/(64/4) + (-2)/8. Let z(a) = -a + 2. Let k be z(j). Suppose -c + 222 + 52 = 2*f, -3*c = -k*f + 266. List the prime factors of f.
2, 17
Let i = 872 - 119. Suppose 190 = d + 3*u, -4*d - 3*u - 2*u = -i. What are the prime factors of d?
11, 17
Suppose -32*u = 409*u - 15777216. What are the prime factors of u?
2, 13, 43
Let h(x) = 66*x**2 + 147*x - 2322. List the prime factors of h(18).
2, 3, 67
Let v(l) = 18*l**2 + 24*l - 2 + 9*l**2 - 22*l**2. List the prime factors of v(7).
3, 137
Suppose -112 = -53*g + 46*g. What are the prime factors of 106/(-3)*((-552)/g + 6)?
19, 53
Let p be ((-445)/2)/((-14)/28). Suppose -5*b + 3*u + 1 = -684, 3*b + 5*u - p = 0. List the prime factors of b.
2, 5, 7
Suppose -x + 4*k + 121 = 0, -2*k - 3*k + 85 = x. Let q = x - 100. Suppose 3*a = -t + 58 + 38, -20 = -q*a. What are the prime factors of t?
2, 3, 7
Let z = -83 + 88. Suppose -z*f + 345 = 1325. Let d = -117 - f. What are the prime factors of d?
79
Suppose 0 = 5*c + 4*v - 440 - 6146, 3*v = c - 1340. What are the prime factors of c?
2, 661
Let c = -3756 - -6459. Suppose 4*h + 5411 = 4*p + 9*h, -2*p - 5*h = -c. List the prime factors of p.
2, 677
What are the prime factors of ((-24)/(-15))/((-52)/(-951730))?
2, 7321
Suppose 951761 = 11*x + 319734. What are the prime factors of x?
57457
Let t = 2 + 0. Suppose 3*q + t*r = 118, q - 92 = -q + 2*r. Let p = q + -27. What are the prime factors of p?
3, 5
Let p = 21984 - 15250. List the prime factors of p.
2, 7, 13, 37
List the prime factors of 2/50 + 115964991/2725.
2, 10639
Let v = 114 - 61. Suppose 0 = -v*a + 51*a + 494. What are the prime factors of a?
13, 19
Let j = 3243 - 2312. Suppose z + 2*z = 0. Suppose 35*h - 28*h - j = z. List the prime factors of h.
7, 19
Let v(t) = -4*t - 6 + t**2 + 3*t + 3 + 6*t. Let l be v(-6). What are the prime factors of (-3 - -9) + 3/l?
7
Let i be (-3)/2*16/24. Let r(u) = 41*u**2 + 2*u + 1. Let v be r(i). Let j = v + 50. What are the prime factors of j?
2, 3, 5
Let k = -37 + -25. Let l = k - -62. Suppose l = 3*x + z - 158 - 274, 5*x = 4*z + 720. What are the prime factors of x?
2, 3
Let i(l) = -10540*l - 5101. What are the prime factors of i(-5)?
47599
Let a = 16188 + -13513. List the prime factors of a.
5, 107
Let a = 12 + 16. Let m(y) = -y**2 + 2*y + 0*y**2 - 30 - a*y. List the prime factors of m(-23).
3, 13
Let f be (3 - (-1)/(5/40))/1. Suppose 0 = f*d - 22*d + 3113. What are the prime factors of d?
283
Let q = 147 - 145. Suppose 1182 = q*w - 162. List the prime factors of w.
